{"id":729,"date":"2026-02-26T13:25:08","date_gmt":"2026-02-26T13:25:08","guid":{"rendered":"https:\/\/www.kem.website.tuke.sk\/?page_id=729"},"modified":"2026-04-21T09:01:32","modified_gmt":"2026-04-21T09:01:32","slug":"elektricke-pohony","status":"publish","type":"page","link":"https:\/\/www.kem.website.tuke.sk\/index.php\/predmety\/elektricke-pohony\/","title":{"rendered":"Elektrick\u00e9 pohony"},"content":{"rendered":"<h4 style=\"text-align: justify;\">Elektrick\u00e9 pohony:<\/h4>\n<p style=\"text-align: justify;\">Po absolvovan\u00ed predmetu bude \u0161tudent obozn\u00e1men\u00fd s kon\u0161trukciou, vlastnos\u0165ami a ur\u010den\u00edm elektrick\u00fdch pohonov, z\u00edska znalosti z mechaniky a dynamiky el. pohonov, modelovania a dimenzovania el. pohonov, osvoj\u00ed si sp\u00f4soby riadenia jednosmern\u00fdch a striedav\u00fdch elektrick\u00fdch pohonov. \u0160tudent bude schopn\u00fd navrhn\u00fa\u0165 matematick\u00e9 modely vybran\u00fdch typov el. motorov v programe Matlab.<\/p>\n<hr \/>\n<p><strong>Stru\u010dn\u00e1 osnova predmetu:<\/strong><\/p>\n<ol>\n<li>Z\u00e1kladn\u00e9 pojmy te\u00f3rie elektrick\u00fdch pohonov, po\u017eiadavky a klasifik\u00e1cia el. pohonov.<\/li>\n<li>Kontaktov\u00e1 a bezkontaktov\u00e1 automatika.<\/li>\n<li>Mechanika el. pohonov, interakcia motora s pracovn\u00fdm mechanizmom.<\/li>\n<li>Prechodn\u00e9 deje v el. pohonoch.<\/li>\n<li>Dimenzovanie el. pohonov.<\/li>\n<li>Jednosmern\u00e9 pohony, klasifik\u00e1cia, vlastnosti, sp\u00f4soby riadenia, brzdenie.<\/li>\n<li>Modelovanie jednosmern\u00fdch pohonov.<\/li>\n<li>Striedav\u00e9 pohony, asynchr\u00f3nne, synchr\u00f3nne, klasifik\u00e1cia, vlastnosti, sp\u00f4soby riadenia a brzdenia.<\/li>\n<li>Modelovanie striedav\u00fdch pohonov.<\/li>\n<\/ol>\n<hr \/>\n<p><strong>\u0160tudijn\u00e9 materi\u00e1ly:<\/strong><\/p>\n<ul>\n<li style=\"list-style-type: none;\">\n<ul>\n<li><span style=\"color: #ff6600;\"><a style=\"color: #ff6600;\" href=\"https:\/\/www.kem.website.tuke.sk\/wp-content\/uploads\/2026\/02\/Vzorove-priklady.pdf\">Vzorov\u00e9 pr\u00edklady<\/a><\/span><\/li>\n<li><span style=\"color: #ff6600;\"><a style=\"color: #ff6600;\" href=\"https:\/\/www.kem.website.tuke.sk\/wp-content\/uploads\/2026\/02\/Zadanie-JM.pdf\">Zadanie JM<\/a><\/span><\/li>\n<li><span style=\"color: #ff6600;\"><a style=\"color: #ff6600;\" href=\"https:\/\/www.kem.website.tuke.sk\/wp-content\/uploads\/2026\/02\/Zadanie-AM.pdf\">Zadanie AM<\/a><\/span><\/li>\n<li><span style=\"color: #ff6600;\"><a style=\"color: #ff6600;\" href=\"https:\/\/www.kem.website.tuke.sk\/wp-content\/uploads\/2026\/03\/EP_marec_12.pdf\" target=\"_blank\" rel=\"noopener\">EP_1-2<\/a><\/span><\/li>\n<li><span style=\"color: #ff6600;\"><a style=\"color: #ff6600;\" href=\"https:\/\/www.kem.website.tuke.sk\/wp-content\/uploads\/2026\/03\/EP_marec_3.pdf\" target=\"_blank\" rel=\"noopener\">EP_3<\/a><\/span><\/li>\n<li><span style=\"color: #ff6600;\"><a style=\"color: #ff6600;\" href=\"https:\/\/www.kem.website.tuke.sk\/wp-content\/uploads\/2026\/04\/EP_4_JM_2026.pdf\" target=\"_blank\" rel=\"noopener\">EP_4<\/a><\/span><\/li>\n<li><span style=\"color: #ff6600;\"><a style=\"color: #ff6600;\" href=\"https:\/\/www.kem.website.tuke.sk\/wp-content\/uploads\/2026\/04\/EP_5_StriedaveEP_2026.pdf\" target=\"_blank\" rel=\"noopener\">EP_5<\/a><\/span><\/li>\n<\/ul>\n<\/li>\n<\/ul>\n","protected":false},"excerpt":{"rendered":"<p>Elektrick\u00e9 pohony: Po absolvovan\u00ed predmetu bude \u0161tudent obozn\u00e1men\u00fd s kon\u0161trukciou, vlastnos\u0165ami a ur\u010den\u00edm elektrick\u00fdch pohonov, z\u00edska znalosti z mechaniky a dynamiky el. pohonov, modelovania a dimenzovania el. pohonov, osvoj\u00ed si sp\u00f4soby riadenia jednosmern\u00fdch a striedav\u00fdch elektrick\u00fdch pohonov. \u0160tudent bude schopn\u00fd navrhn\u00fa\u0165 matematick\u00e9 modely vybran\u00fdch typov el. motorov v programe Matlab. Stru\u010dn\u00e1 osnova predmetu: Z\u00e1kladn\u00e9 pojmy [&hellip;]<\/p>\n","protected":false},"author":1,"featured_media":0,"parent":168,"menu_order":0,"comment_status":"closed","ping_status":"closed","template":"","meta":{"footnotes":""},"class_list":["post-729","page","type-page","status-publish","hentry"],"_links":{"self":[{"href":"https:\/\/www.kem.website.tuke.sk\/index.php\/wp-json\/wp\/v2\/pages\/729","targetHints":{"allow":["GET"]}}],"collection":[{"href":"https:\/\/www.kem.website.tuke.sk\/index.php\/wp-json\/wp\/v2\/pages"}],"about":[{"href":"https:\/\/www.kem.website.tuke.sk\/index.php\/wp-json\/wp\/v2\/types\/page"}],"author":[{"embeddable":true,"href":"https:\/\/www.kem.website.tuke.sk\/index.php\/wp-json\/wp\/v2\/users\/1"}],"replies":[{"embeddable":true,"href":"https:\/\/www.kem.website.tuke.sk\/index.php\/wp-json\/wp\/v2\/comments?post=729"}],"version-history":[{"count":16,"href":"https:\/\/www.kem.website.tuke.sk\/index.php\/wp-json\/wp\/v2\/pages\/729\/revisions"}],"predecessor-version":[{"id":774,"href":"https:\/\/www.kem.website.tuke.sk\/index.php\/wp-json\/wp\/v2\/pages\/729\/revisions\/774"}],"up":[{"embeddable":true,"href":"https:\/\/www.kem.website.tuke.sk\/index.php\/wp-json\/wp\/v2\/pages\/168"}],"wp:attachment":[{"href":"https:\/\/www.kem.website.tuke.sk\/index.php\/wp-json\/wp\/v2\/media?parent=729"}],"curies":[{"name":"wp","href":"https:\/\/api.w.org\/{rel}","templated":true}]}}